x**2 + 5*x + 5. What is u(q)?
5
Let q(f) = -2*f**3 - 7*f**2 + 17*f - 1. Let k(z) = -11*z**3 - 43*z**2 + 104*z - 9. Let a(r) = -3*k(r) + 17*q(r). Calculate a(6).
16
Let z(k) = 8*k - 207. Let w(y) = y**3 - 45*y**2 + 267*y - 10. Let r be w(38). Give z(r).
17
Let i(m) = -4*m**2 + 17*m - 7. Suppose 3*z - 4*y = 15, 2*z + 93*y - 92*y - 10 = 0. Calculate i(z).
-22
Let p(r) = -r**2 - 7*r - 11. Suppose -3*f - 15 = -3*v, -v - 3 = -0. Let t(b) = 18*b + 140. Let q be t(f). Give p(q).
1
Let u(w) = -4*w + 6. Let s(r) = 2 - 3 + 0 - 4*r + 6. Let i be ((-10)/8)/(6/(-24)). Let a(x) = i*s(x) - 4*u(x). Determine a(2).
-7
Let d(m) = m**2 + 6*m + 5. Suppose 4*p + 18 = -0*h + 2*h, -1 = h. Let n be d(p). Let s(k) = -8 - 7*k - 17*k - 1 + 25*k + 10 + 9. What is s(n)?
10
Let u(a) = -15*a + 117. Let c be u(16). Let q = c - -127. Let z(x) = -2*x + 5. Calculate z(q).
-3
Let q(m) = m - 5*m - 6*m + 9*m. Let t be (5/(-2))/5*2. Calculate q(t).
1
Let q(p) = -p**2 + 4*p + 5. Let u(a) = 26*a - 61. Let c be u(7). Let x = c + -115. Determine q(x).
-7
Let g(l) = -70012*l + 22 - 70011*l + 140002*l - l**2. Give g(-21).
22
Let y(a) = 21*a + 69. Let d be ((-1512)/(-1764))/(2/14*-2). Calculate y(d).
6
Let l(i) = -2*i**2 + 5*i - 15. Let f = 1546 - 1543. Give l(f).
-18
Let c(z) be the second derivative of 1/3*z**3 + 0 - 201*z - 1/20*z**5 + 7/12*z**4 - 5/2*z**2. Suppose a + 3 = -j - 4*j, -2*a + 6 = 4*j. What is c(a)?
9
Let o(q) = -q**3 + 14*q**2 + 103*q - 556. Let y be o(18). Let k(l) = l**2 - 3. Determine k(y).
1
Let s be ((-9)/12)/((-3)/(-4) - 1). Suppose s*w + 28 = 28. Let x(o) = o - 4*o + 3 + 2*o - o**3 - o**2 + 0*o. Give x(w).
3
Let n(l) be the first derivative of -l**3 + 3/2*l**2 + 5*l - 1/4*l**4 - 46. Determine n(-4).
9
Let z = -891 + 905. Suppose 0 = z*r + 38*r - 14*r. Let t(k) be the first derivative of -k**2/2 - 13*k + 2. Give t(r).
-13
Let m(p) = -1383*p**2 + 2*p - 4 + 2 + 1381*p**2 + 6*p**3 + p. Give m(1).
5
Suppose -9*x - 14 + 41 = 0. Let u(k) = 4*k + 30*k**2 + 0*k**3 - 58*k**2 + 32*k**2 + 4*k**x - 2 - 3*k**3. Determine u(-3).
-5
Let p(x) = x**3 + 14*x**2 + 12*x - 18. Let u be 8/1 - (8 - 5). Let v(f) = -f**2 + 12. Let b be v(u). Determine p(b).
-5
Let a(u) = -2*u + 14. Let n be a(4). Let r(s) = 3*s**3 - 2*s**2 - 44*s + 8. Let h(x) = -x**3 + x**2 + 15*x - 3. Let p(b) = n*r(b) + 17*h(b). Calculate p(-6).
15
Let c be 137/23 - 45/(-1035). Let o(k) = k**2 - 13*k + 14. What is o(c)?
-28
Let a(n) = 19*n - 687. Let m be (107 + -125)/((-3)/6). Give a(m).
-3
Suppose 0 = 3*h + 3*z, 11*z - 13*z = 8. Let j(s) = 6*s**2 - s + h - 19 + 19. Determine j(3).
55
Let a(w) be the third derivative of w**2 + 1/120*w**6 + 0*w + 0*w**4 + 0*w**5 + 9/2*w**3 + 0. Let b(z) = -z**2 - 36*z - 155. Let v be b(-5). What is a(v)?
27
Let u = 425 - 420. Let k(z) = -8*z + z + u*z - 4*z + 3 + 4*z. Determine k(4).
-5
Let y(f) = -f - 2. Suppose -30*t + 44 = -26*t. Let q = 16 - 11. Suppose p = -7*v + q*v - t, -4*v + 3*p = 27. Determine y(v).
4
Let o(z) = -5*z**2 - 20*z + 1. Let x(j) = j**2 - 4*j + 1. Let i(t) = -3*t**2 + 30*t - 6. Let m(d) = i(d) + 5*x(d). Let s(f) = 7*m(f) + 3*o(f). Determine s(9).
5
Let v(n) = -n**2. Let i(c) = -9*c**2 + c - 2. Let o(m) = -i(m) - 2*v(m). Let g be 1/(-3) - (-256)/192. Determine o(g).
12
Let p(t) be the second derivative of t**4/12 + 16*t**3/3 + 41*t**2 + 243*t + 4. Determine p(-29).
-5
Suppose 5 = -5*v, 2*m - 29*v + 26*v - 5 = 0. Let n(w) = -24*w**3 - w + 1. Give n(m).
-24
Let k = -31 - -24. Let c(x) be the first derivative of x**3/3 + 5*x**2 + 2*x + 316. What is c(k)?
-19
Let x(y) be the first derivative of y**4/2 + y**3/3 + y**2/2 + 3110. Give x(-2).
-14
Let u(p) = p**2 + 5*p - 5. Let h be (-217)/(-21)*(22 + -4). Let t = h - 192. Determine u(t).
1
Let r(h) = h**2 + 6*h. Let x(v) be the third derivative of v**6/120 - 3*v**5/10 + 5*v**4/6 - 29*v**3/3 + v**2 + 35*v. Let o be x(17). Give r(o).
7
Let a = -417 + 284. Let c be ((-4)/(28/a))/1. Let v(s) = -s + 25. Calculate v(c).
6
Let d(q) = 35 - 7*q**2 - 4*q + 4*q**2 - 89 + 21*q + 4*q**2. Calculate d(-16).
-70
Let s(n) be the third derivative of 1/12*n**4 - 1/30*n**5 + 1 - 23*n**2 + 1/6*n**3 + 0*n. What is s(-1)?
-3
Let k(z) = -2*z**2 - 11*z + 26. Suppose 7*f - c = 4*f - 30, 0 = f + 2*c + 17. Determine k(f).
-95
Let y be 278/46 + (29050/(-1610) - -18). Let m(t) = 1 - 10 - 1 + t. Determine m(y).
-4
Let r(q) = -q**2 + 527*q - 5160. Let o be r(10). Let l(h) = 5*h**3 - 49*h**2 - 11*h + 11. Give l(o).
1
Let a(x) be the second derivative of x**3/3 - 5*x**2/2 - 2*x - 231. Determine a(0).
-5
Suppose 0 = -5*v - v + 18. Suppose 0 = j - 0*n + 3*n - 2, 0 = j - v*n - 2. Let g(h) = 13 - 9*h + 2*h + 21 - h**j - 30. Determine g(-7).
4
Let z(a) be the second derivative of -a**5/20 - a**4/3 - a**3/6 - 2*a + 64. Suppose 2*f = 3*o + 5*f + 15, 0 = 5*o + f + 17. What is z(o)?
-6
Let d(n) = 2*n**3 - 69*n**2 - 33*n - 84. Let j be d(35). Let c(v) = v**3 + 13*v**2 - 21*v - 102. Give c(j).
-4
Let m = 4 + -1. Let p(v) = 5*v + 4 - m*v - 3*v + 0*v. Suppose -162*f = -171*f. Calculate p(f).
4
Let g(t) be the third derivative of t**4/8 - 5*t**3/6 + 3*t**2. Let z(o) = o - 1. Suppose 11 = 5*u + 6*u. Let n(c) = u*g(c) - 2*z(c). Calculate n(5).
2
Let k(y) be the first derivative of -16 - 5/2*y**2 - y - 1/3*y**3. Calculate k(-7).
-15
Let d(q) = 7830*q - 59652. Let b(v) = 135*v - 1029. Let s(p) = -117*b(p) + 2*d(p). Calculate s(8).
9
Let g(x) = -4*x**2 - 5*x + 5. Let c(p) = p**2. Let t(h) = 5*c(h) + g(h). Let u = 11 + -25. Let z = -9 - u. Determine t(z).
5
Let n = -395 - -410. Let q(a) = n*a - a + 1 + 0 + 38*a. Calculate q(1).
53
Let f(u) be the first derivative of u**3/3 - 5*u**2/2 - 7*u + 924. Determine f(5).
-7
Let x(p) be the third derivative of 14*p**5/15 + p**3/3 + 50*p**2 + 10. Give x(1).
58
Let s(u) = -u + 1. Let i(x) = -x**3 + 21*x**2 + 23*x + 22. Let h be i(22). Let f = h + -55. Let q = -13 - f. Determine s(q).
3
Let w be (-584)/(-72) + -8 - (-52)/18. Let i(l) = w + 5*l - 13*l + 7*l - 2. Let f = 15 - 19. Determine i(f).
5
Let n(a) = 56392*a**2 + 7 - 26*a - 112788*a**2 + 56395*a**2. Give n(-26).
7
Let a be (-1472)/138 - 1/3*-2. Let f be 49/(-35) + 4*(-1)/a. Let r(h) = 4*h - 1. Determine r(f).
-5
Let g(x) = x**2 - 517*x**3 - 28 + 516*x**3 + 3*x - 5*x. What is g(0)?
-28
Let n(p) = p**2 + 13*p + 45. Let b be n(-7). Suppose -b*x - 5*x = -6*x. Let c(l) = -2*l - 7. Calculate c(x).
-7
Let h(o) = -928*o - 171. Let k(c) = 721*c + 128. Let j(m) = -7*h(m) - 9*k(m). Give j(-20).
-95
Let y(v) = -v - 8. Suppose -10*g + 0*g = 90. Let z be y(g). Let p(j) = 3*j - 2*j - 1 + 0*j. Determine p(z).
0
Suppose -3*j + 4*f - 3*f + 28 = 0, -5*j = -4*f - 49. Let z(s) = 5 + j + s - 9. Suppose -3*x = 4*d + 21, 0*d = 5*d + 2*x + 35. Give z(d).
-4
Let w(x) = -x**2 - 4. Suppose 153 = -48*c + 49*c. Suppose 2*j + c = 149. Give w(j).
-8
Let j = -73 - -66. Let m(y) = 6*y - 21 - 27*y**2 + 28*y**2 + 19. What is m(j)?
5
Let q(o) be the second derivative of -o**3/3 - 16*o**2 + 3278*o. What is q(6)?
-44
Let u(h) = 2073*h**2 - 2075*h**2 - 233 + 239 - h. Calculate u(2).
-4
Let s(y) = -y**2 + 27*y - 19. Suppose 3*h - 88 = -4*d - 10, 26 = h - d. Calculate s(h).
7
Suppose -5*f + 43 = -12. Let n(w) = -w + f*w**3 - 5*w**3 + 2*w**2 - 7*w**3. Suppose 0 = 7*i - 23*i + 16. Determine n(i).
0
Let t(d) = -22 - 6814*d + 3423*d + 3409*d. Calculate t(3).
32
Let m(p) be the third derivative of 0 - 4/3*p**3 + 0*p + 1/180*p**6 + 1/8*p**4 + 9*p**2 + 1/30*p**5. Let w(v) be the first derivative of m(v). Determine w(-2).
3
Let o(g) be the third derivative of -g**5/60 + g**4/6 - g**3/3 + 14*g**2. Let w(r) = -2*r**3 - 2*r + 1. Let k be w(-2). Suppose 24 = c + k. What is o(c)?
1
Let p be (-14)/(-6) - (-4)/6. Suppose -p*y + 8*y + 26 = -4*m, -1 = -m. Let i(v) = -42*v + v**2 + 80*v - 30*v + 1 + 7. Determine i(y).
-4
Suppose 5*p = 2182 - 552. Let n(b) = p - 4*b - b**2 + 326 - 649. Calculate n(-5).
-2
Let y(h) = 13*h**2 - 5*h + 1. Let b(w) be the second derivative of -4*w**4/3 + 5*w**3/6 - w**2 + 11*w - 3. Let i(r) = 4*b(r) + 5*y(r). Calculate i(4).
-7
Let m(i) be the third derivative of -i**7/1680 + i**6/720 + i**5/20 - 9*i**3 - 51*i**2 - 4. Let k(c) be the third derivative of m(c). Give k(0).
1
Let m(d) = d - 3. Let y(g) = 6*g**2 - 2*g - 2. Let c = -10 + 9. Let q be y(c). Suppose -q = 4*w + 6. Give m(w).
-6
Let j(y) be the third deriva